Let c(s) = 7*b(s) - 2*k(s). Calculate c(o).
-24
Let b = 8835 + -8841. Let t(a) = -a**2 + 2*a**3 + 8*a**2 + 7*a + 9 - a**3. What is t(b)?
3
Let g(w) = -13*w - 1 + 5*w**2 + 5 + 14*w + 5. Let y(m) = -27*m**2 - 6*m - 45. Let s(u) = 11*g(u) + 2*y(u). Calculate s(0).
9
Let g(u) = 53*u + 1219. Let v be g(-23). Let q(r) be the second derivative of -3/4*r**4 - 1/20*r**5 + v - 5/3*r**3 - 5*r**2 + 4*r. Give q(-8).
6
Let o = -1571 + 1575. Let z(y) be the first derivative of 6*y + 2*y**3 + 0*y**2 - 1/4*y**o + 5. What is z(6)?
6
Let m(i) = -5*i**2 - 3*i - 1. Let w(d) = -2 + 4*d**2 - d**2 - 2*d**2 + d + 2*d**3. Let l be w(0). Determine m(l).
-15
Let t(n) be the first derivative of n**2/2 + 2*n - 135. Let x(w) = 97*w**2 - 2*w - 2. Let j be x(-1). Let z be (-93)/(-33) - 3 - j/11. Calculate t(z).
-7
Let b(i) = -i**2 + 9*i - 8. Let r(z) = z**3 + 10*z**2 + 2*z - 16. Let y be r(-10). Let p be (-243)/y - (-3)/(-4). Give b(p).
10
Let p(f) = 41*f - 31. Let n(w) = 36*w - 30. Let r(u) = 6*n(u) - 5*p(u). Let s(o) = 5*o - 13. Suppose q = -10 - 3. Let c(k) = q*s(k) + 6*r(k). Give c(0).
19
Let v(o) = 20*o**2 + 5*o - 139. Let q(b) = -33*b**2 - 16*b + 278. Let i(r) = -3*q(r) - 5*v(r). Give i(11).
-7
Let y(i) = -i**2 + 20*i + 1. Suppose -v + 3 = 3*d - 39, -24 = -3*d + 5*v. Give y(d).
92
Let a(m) be the third derivative of 0 + 0*m + 1/60*m**5 - 17*m**2 - 1/2*m**3 + 5/24*m**4. Let c = 25 - 29. Calculate a(c).
-7
Let q(t) = 2*t**2 - 2*t + 21. Let c be (12/10)/(4 + 152/(-40)). Calculate q(c).
81
Suppose 0 = -91*p + 93*p - 3348. Let r(h) = -4*h + 1674 + h - p. Determine r(-4).
12
Suppose 3*r - 2*r = 2. Let g(j) be the first derivative of -r*j**2 + 4 + 4*j**2 + 3*j**2 - 4*j**2 + 6*j. Determine g(-5).
-4
Let z(y) = 14. Let b(g) = -13*g + 89. Let k(s) = -b(s) + 6*z(s). Calculate k(6).
73
Let u(x) be the third derivative of x**6/120 + x**5/15 - x**4/12 + x**3/3 + 1675*x**2. Let m be -1 - (2 - (0 - 1)). What is u(m)?
10
Let b(u) = -u**3 - u. Let v(p) = -5*p**3 - 18*p**2 + 26*p. Let q(t) = -6*b(t) + v(t). Let r be q(16). Let z(m) = 5*m - 4*m - 5 + m**2 + 2. What is z(r)?
-3
Let m(h) be the third derivative of -h**5/60 + h**4/6 - h**3/3 + h**2. Let k = -150 + 158. Suppose 3*x - 24 = -3*z, -3*z + 3*x + 32 = k*x. What is m(z)?
-2
Let h(a) = -126*a + 469. Let y(x) = 190*x - 701. Let w(l) = 14*h(l) + 9*y(l). What is w(5)?
-13
Let r(a) be the second derivative of a**3/2 - a**2 - a. Suppose 200*k - 284 = 58*k. What is r(k)?
4
Let b(r) = r**3 - 5*r**2 + 4. Let q(y) = -3*y**3 + 16*y**2 - 13. Let g(x) = -7*b(x) - 2*q(x). Let l be 58/(-10*(-3)/435). Let z = l - 839. Give g(z).
2
Let f = -3881 + 3895. Let r(u) = u - 24. Determine r(f).
-10
Suppose f + f - 2*j = 8, 2*f - 3*j = 8. Suppose 0 = -4*s + 2*x + 34, -2*s = -s + f*x + 14. Let u(w) = -4*w + 2*w - 2*w + w + 9. Determine u(s).
-9
Let x(c) = c**3 + 10*c**2 - 7*c + 48. Suppose -176 = 3*i + 2*u - 133, -2*i = -2*u + 12. Calculate x(i).
4
Let i(h) = -8*h - 246. Let t(q) = -q**2 - 4*q - 27. Let f be t(-5). Let g be i(f). Let s(p) = 3*p - 1. What is s(g)?
29
Let r = -180 - -134. Let m = r - -41. Let x(c) = c**3 + 6*c**2 + 3*c - 1. Determine x(m).
9
Let h(n) = -11*n**2 - 16*n - 25. Let i(r) = -13*r**2 - 17*r - 25. Let b(l) = -5*h(l) + 4*i(l). Determine b(-2).
13
Let k be 7*3 - (11 + -8). Suppose k = v - 2*v - 3*t, -v + t = 2. Let d(w) = w + 6. What is d(v)?
0
Let f(v) be the third derivative of 0 + 5/12*v**4 - v**3 - 43*v**2 - 1/60*v**5 + 0*v. Calculate f(9).
3
Let j(f) = 2*f**2 - 7*f - 46. Suppose 3*q - 14*q - 54*q = 260. Determine j(q).
14
Let n(k) = -k**2 - 52*k - 27. Let y(f) = -8*f + 1. Let d(w) = n(w) - 5*y(w). What is d(-5)?
3
Let o(p) = -3*p**2 - 12. Let c(z) = 8*z**2 + 19*z - 44. Let y(n) = -c(n) - 3*o(n). Give y(7).
-4
Let z(q) be the second derivative of -q**4/3 - 19*q**3/6 + 19*q**2/2 - 83*q. Let f be z(1). Let j(c) = 2*c**2 + 7*c + 5. Give j(f).
9
Let a(f) = 9*f + 243. Let n = -9243 + 9217. What is a(n)?
9
Let z(m) = m**3 + 2*m**2 - 2*m + 3. Let o(t) = 4*t**3 + 43*t**2 + 117. Let w be o(-11). Determine z(w).
-21
Let p(i) = -i**3 + 2*i**2 - 3*i - 4. Suppose 0 = -2*g + 3*g - 3*g. Let t be p(g). Let k(s) = s + 3. What is k(t)?
-1
Let s(q) = q**3 - 7*q**2 - 13 + 2*q - 4*q + 21. Let l(w) = w**2 - 9*w + 7. Let u be l(7). Let b = u - -14. What is s(b)?
-6
Let n(y) = -2*y - 1. Let j(f) = -7*f - 9. Let m(a) = -j(a) + 5*n(a). Let l be m(1). Let t(h) = -h + 1. Calculate t(l).
0
Suppose 4*y + 24 = 8*y. Let a(z) be the first derivative of z**2/2 - 179. Let t(x) = 3*x**2 - 9*x - 1. Let d(r) = y*a(r) + t(r). What is d(3)?
17
Suppose 23*i + 54 = 5*i - 0. Let w(q) = q**2 + 32*q + 88. Give w(i).
1
Let i(k) = -k**2 - 15*k + 46. Let s be i(-16). Let p = s - 32. Let h(q) = -q**3 - 2*q**2 + q + 2. What is h(p)?
0
Let n(r) = 8*r - 15. Suppose -2*m - 2*a - 4 = 0, 0 = 13*m - 12*m - 5*a - 22. Let o be n(m). Let h(c) = 4*c**3 + c**2 + c - 1. Give h(o).
5
Suppose 6*q = -9*q - 2265. Let u = 155 + q. Let x(n) = 8*n + 2. Calculate x(u).
34
Suppose 8*f - 19 - 61 = 0. Let j(t) = -4*t**2 - 24*t + 13*t + f*t - 2. Determine j(-2).
-16
Let a(t) be the second derivative of -t**7/840 - t**6/720 + t**5/120 - 7*t**4/2 + t**3/2 + 286*t. Let l(c) be the third derivative of a(c). Give l(-2).
-9
Let x = 11 + -17. Let p(q) = q + 4. Let s(d) = -d**3 - 8*d**2 - 13*d - 18. Let k(r) = 6*p(r) + s(r). Calculate k(x).
-24
Let f(r) = -r + 5. Let q(c) = -3*c - 51. Let t(b) = b + 19. Let a be t(16). Suppose a*z - 36*z = 17. Let v be q(z). Determine f(v).
5
Let k(j) = -j**2 + j + 7. Let m(i) = 2*i - 5. Suppose 3*z + 5*n - 3 = 16, 0 = 3*n + 3. Let q be m(z). Suppose -4 = -q*y + 51. What is k(y)?
-13
Let i(g) = -2*g**2 + 21*g - 4. Let q be i(10). Let m(w) = -12 + q*w - 2*w - 3*w. Let o(k) = -2*k - 26. Let x be o(-18). Calculate m(x).
-2
Let j(y) be the second derivative of -y**5/20 - 5*y**4/4 - 7*y**3/3 - 3*y**2 + 2*y + 570. Suppose 3*k + 16 + 26 = 0. Give j(k).
-6
Let i(k) be the third derivative of k**6/360 - k**5/20 + k**4/6 + 7*k**3/3 + 42*k**2 + 1. Let d(n) be the first derivative of i(n). Calculate d(4).
-4
Let q(a) be the third derivative of 0*a + 22*a**2 + 0*a**3 + 1/720*a**6 + 0 - 1/120*a**5 - 7/8*a**4. Let v(t) be the second derivative of q(t). Determine v(1).
0
Let p(o) be the first derivative of o**6/360 - 7*o**5/120 + 11*o**4/24 - 2*o**3/3 + 23*o**2 + 37. Let m(c) be the third derivative of p(c). What is m(5)?
1
Let d(r) = r**3 - 10*r**2 + 8*r + 66. Let b = -6485 - -6493. Give d(b).
2
Let t(v) = -v**2 - 4*v + 12. Suppose -g + 5*i - 5 = 0, 2*i - 21 = -5*g - 100. Let m be 330/(-35) - g/35. Determine t(m).
-33
Let k(v) = v + 3 - 5*v + 10*v + 28*v. Calculate k(1).
37
Let x(f) be the second derivative of f**4/12 - 10*f**3/3 + 19*f**2 + 1303*f. What is x(16)?
-26
Let f(i) = 241*i - 2647. Let w be f(11). Let o(p) = -p - 7. Let j(a) = 2*a + 10. Let y be (1/3)/(2/30). Let m(n) = y*j(n) + 8*o(n). Give m(w).
2
Let r(g) be the first derivative of 13*g**2/2 - 356*g - 6314. What is r(27)?
-5
Let v = -81 - -77. Let j be (-1 - 40/(-16))/((-2)/v). Let d(q) = q - 6*q**2 - 14*q**2 + 1 + 2*q**j + 20*q**2. Calculate d(-1).
-2
Let i(u) = 12*u**2 - 5*u + 35. Let x(t) = -31*t**2 + 13*t - 66. Let c(v) = -5*i(v) - 2*x(v). Give c(0).
-43
Let l(u) = -u + 2. Let d(h) = -16. Let o(j) = -d(j) + 2*l(j). Let z(p) = p**2 - p + 9. Let x be z(0). What is o(x)?
2
Suppose -5*r + 4*m = 7, 20*m - 15*m = -4*r + 19. Let k(i) = 57*i**3 - 1. What is k(r)?
56
Let q(j) be the third derivative of j**5/60 + 5*j**4/24 - j**3 + 56*j**2. Let o(d) = -d**2 + d. Let y(k) = 2*o(k) + q(k). Suppose 0 = m - 5. Determine y(m).
4
Let t(m) = 4*m + 7. Suppose 4*j - 15 = -3. Suppose 0*r - 21 = j*r. What is t(r)?
-21
Let k be (4 - 5)/(2/(-6)). Suppose -4*a + 2*p + 44 = a, 0 = -k*a + 4*p + 18. Let q(y) = -7*y**2 - y**3 + 7*y + 11 - 5 - 6 - a. Determine q(-8).
-2
Let p(f) = 32*f - 1877. Let k(u) = 8*u - 417. Let v(m) = 9*k(m) - 2*p(m). Determine v(-1).
-7
Let u(q) = -7*q**2 - q. Let x = -116 + 544. Suppose 0 = m + 429 - x. Determine u(m).
-6
Let o = 8959 - 8968. Let r(a) = -4*a - 16. Calculate r(o).
20
Let l(a) = -31 + 124*a - 73*a - 37 - 64*a. Give l(-4).
-16
Let t be (-24)/(-8) + (-3)/3. Let s(z) = 2*z**2 + t + 4*z + 45*z**3 - 46*z**3 - 5*z**2. What is s(-4)?
2
Let i(b) = 10*b + 10. Let a(p) be the second derivative of -p**3/2 - 2*p**2 - 4*p 